5). Let d = 1249 - n. Is d prime?
True
Let n(b) = 235*b**2 + 1. Let i be (5 - 6/6)*(-2)/4. Is n(i) prime?
True
Let n be (3 + (-16)/6)*-12. Let f be ((0 - -4) + n)/(-2). Suppose f = 3*b + 2*b - 2785. Is b composite?
False
Let f(b) = b**3 - 3*b - 3. Let n be f(2). Let m(c) be the second derivative of 33*c**4 - c**3/3 - c**2/2 + c. Is m(n) a composite number?
False
Let p(u) = 141*u**2 + 5*u - 2. Let y be p(3). Suppose -4 = -g + 3*j - 2*j, 3*g = -5*j + 4. Suppose a - g*a = -y. Is a composite?
False
Let a = 27 - 18. Let y(b) = 6*b**2 + 13*b - 17. Is y(a) a prime number?
False
Suppose -10 = 3*g - 1. Is 41*2 - (0 + g) prime?
False
Suppose 3*i - 6984 = 4*p - 7*p, 2*i - 3*p = 4631. Is i composite?
True
Let d(q) = 234*q**2 + 9*q - 1. Suppose -30 = -5*r - 2*n + 7*n, n + 2 = -r. Is d(r) a composite number?
False
Let n be 4/((-80)/(-4)) + 22/(-10). Is n + 8/2 - 7014/(-14) a prime number?
True
Let y(w) = w**2 + 9*w - 17. Let p be y(-11). Suppose -138 = p*z - 573. Is z prime?
False
Let z = 4 - 2. Let q = -33 + 70. Suppose 3*u + 5*k - 166 = 0, 3*u - z*k = 2*u + q. Is u prime?
True
Let j be (-2)/44*-4 - (-123595)/(-55). Let b = j - -4490. Is b prime?
True
Suppose -6*k - 3*k = -84618. Suppose 4*s - 6346 = -4*u + k, 16 = -4*s. Is u composite?
True
Suppose l = 578 - 1610. Let k = 2129 + l. Is k a prime number?
True
Is 4088 + (7 - (-4)/(-2)) + -2 prime?
True
Let c(x) = 4104*x**2 - 22*x + 9. Is c(-5) prime?
False
Let y be (-1 + 4)*14350/15. Suppose -1703 = -3*m + 2*f, 5*m = -3*f - 0*f + y. Is m a composite number?
False
Let a be (0 - (1 + 0))*1. Let u be -99 - (-3)/(3/a). Let z = -57 - u. Is z a composite number?
False
Let s = 8 + -101. Let n be s - (-3)/(9/6). Let c = n - -180. Is c prime?
True
Let l(s) = 5*s**3 + s**2 + 3*s - 4. Let d(r) = r**2 + 12*r + 30. Let f be d(-9). Is l(f) a composite number?
False
Let d = 259503 - 152252. Is d prime?
True
Suppose -a + 2*m + 10208 = 0, 5*a - 5*m - 50970 = -9*m. Is a a composite number?
True
Let v = 12883 + 1014. Is v a prime number?
False
Let y = 3860 - 2603. Is y a composite number?
True
Suppose -517*k + 20317 = -506*k. Is k composite?
False
Let i(h) = 124*h**2 + 9*h - 47. Is i(4) a prime number?
True
Is 11389 - 16/4*-1 composite?
False
Let f = 36 - 26. Suppose 2*t - l + f = 6*t, -t - 2*l + 6 = 0. Suppose -t*n + 185 = -n. Is n composite?
True
Suppose 46*j = 12*j + 73202. Is j a composite number?
False
Is 17015 + (0 - (-8)/20*-10) prime?
True
Suppose 4*t + 3 + 1 = 0, 5*t = -2*b + 7. Suppose 2*u = -3*o + 2*o + 1385, 0 = -2*o + b. Is u composite?
False
Suppose 0*h = 5*h. Let t = 0 + h. Suppose 5*z - 539 + 24 = t. Is z prime?
True
Suppose 42*f = 34*f + 22136. Is f composite?
False
Suppose 12*q - 28 = 5*q. Suppose -2*o - 6 = 0, 0 = f - 0*o + q*o - 182. Is f composite?
True
Let i(g) = -5*g**2 - 4*g + 1. Let p(l) = -14*l**2 - 11*l + 4. Let q(j) = -17*i(j) + 6*p(j). Is q(-5) a composite number?
True
Suppose 61 = -3*l + 388. Is l a composite number?
False
Let n = 11 - 7. Suppose 0*k = -n*j - k, -4*k = -2*j. Suppose j*d - 2*d = -398. Is d a composite number?
False
Suppose 3*s - 1883 + 6113 = 0. Let i = s + 947. Let r = 840 + i. Is r a composite number?
True
Let d be 2/(-14) + (-7)/(-49). Let v be d/((-2 + -1)/3). Suppose -4*t + 2*t + 154 = v. Is t a prime number?
False
Suppose 11*u + z = 6*u + 226362, 0 = -3*u + 2*z + 135825. Is u a prime number?
False
Let d be (4 - (-1 + -1)) + -4. Suppose -2*l + d*m + 1021 - 169 = 0, 2*l + 5*m - 887 = 0. Is l prime?
True
Suppose z + 38 - 43 = 0. Suppose 2*c = 7*c + n - 9333, z*c = -5*n + 9325. Is c composite?
False
Let v(z) = z**3 + 38*z**2 + 20*z - 88. Is v(-37) prime?
True
Suppose -4 = q - 5*q. Is 513 + q/(-1)*-2 a prime number?
False
Let m(w) = 5308*w - 151. Is m(5) composite?
True
Suppose -5*x = q - 41, 5*x - 37 = -0*q + 3*q. Suppose 0 = 7*l - 3*l - x. Suppose -f = l*f - 381. Is f a composite number?
False
Suppose n = 34 + 530. Let j = 2041 - n. Is j composite?
True
Suppose 43929 = -0*z + 9*z. Let j = z - 2176. Is j prime?
False
Let x(o) = 16*o**2 - 2*o + 5. Let n(f) = 2*f - 7. Let z be n(5). Is x(z) a composite number?
True
Suppose 4 + 16 = -5*u. Is (-9674)/(-21)*(-6)/u a composite number?
False
Suppose -5*d - 4*j = -6*d + 2597, 5*d - 2*j = 13021. Is d composite?
True
Let n(r) = 1 + 1802*r + 0 - 3 - 1806*r. Suppose -5*a + 20 = -5*w, 0 = -4*a - 5*w + w - 24. Is n(a) prime?
True
Suppose -3*j = 3*b, 4*b - 4 - 17 = 3*j. Suppose -g - 2907 = -5*k, b*k + 4*g - 2316 = -k. Is k a composite number?
True
Let f be ((-2)/(-15) + (-113332)/(-60))*-1. Let s = 2776 + f. Is s prime?
True
Let o = -7196 - -11859. Is o composite?
False
Suppose -1 = x, -5*x - 32527 = -3*a - x. Is a composite?
True
Let f = 35021 + -7428. Suppose -2*b + 3*i = 4*i + 11036, -5*b - i - f = 0. Let v = b - -7912. Is v a prime number?
True
Suppose 3*o = -2*o + l + 46, -o + 5*l = -14. Let a = -373 - -529. Suppose 5*y + a = o*y. Is y composite?
True
Suppose 3*g + 4*b - 3371 = 19794, 0 = -2*b - 2. Is g a prime number?
True
Let x = 21 - 21. Suppose j + 6*j - 4711 = x. Is j prime?
True
Suppose -3*l + 22934 + 32927 = 5*o, -4*l - 2*o = -74472. Is l a composite number?
False
Let x(o) = -17*o**3 + 2*o**2 - 25*o - 9. Is x(-10) prime?
False
Let b be (18/(-4))/(5/(-30)). Let m = 29 - b. Let t(r) = 66*r - 5. Is t(m) prime?
True
Let c be (-8)/5*(6 + 335/(-10)). Let m = 51 - c. Is m prime?
True
Let r(g) be the first derivative of 17*g**5/60 - 5*g**4/8 - 11*g**3/3 + 2. Let u(d) be the third derivative of r(d). Is u(8) a prime number?
True
Let u(o) = -12 + 3*o**3 - 11*o**2 + o**3 - 3*o**3 + 15*o - 1. Let f(p) = p**2 - p - 2. Let z be f(-3). Is u(z) composite?
False
Suppose 0 = 3*l - 4*x + 4, 3*x - 2*x = l. Suppose -o + 2*t = -5, 4*t = l*o - 18 + 2. Suppose 556 = -o*i + 7*i. Is i prime?
True
Let k(j) = 12*j**3 + 4. Let q(d) = -d**3 - 1. Let c = 17 + -16. Let t(y) = c*k(y) + 5*q(y). Is t(2) a prime number?
False
Let m(o) = -o**3 + 17*o**2 - 2*o - 7. Let h(w) = -5*w + 3. Let i be 3/9 - (-4)/(-3). Let q be h(i). Is m(q) composite?
True
Let j = -17080 - -28193. Is j a composite number?
False
Let z(v) = -24601*v - 8. Is z(-1) prime?
True
Suppose 6*v + 333 - 6321 = 0. Is v composite?
True
Let o = 36363 - 18144. Is o composite?
True
Is (-8)/120*-10 - (-17941)/3 composite?
False
Is (((-6)/(-3))/(-2))/((-27)/228447) prime?
True
Suppose 2*k = -2*k + 16. Let a(y) = 107*y + 15. Is a(k) a prime number?
True
Suppose -3*b - 255 = 2*b. Let q = 136 + b. Is q prime?
False
Let z be (-2)/4 + (-3)/6. Let c(j) = j - 1. Let v(t) = -132*t**3 + t**2 - 5*t + 3. Let q(l) = 4*c(l) + v(l). Is q(z) a composite number?
True
Let r(p) = p**3 + p - 2*p**3 - 2*p - 4*p**2 - 9 - 1. Is r(-8) a composite number?
True
Suppose -38*r + 162175 = 1549. Is r a prime number?
False
Suppose -2*d - 17 = 3*y - 0*d, 5*y - 3*d = -3. Is (-34460)/(-24) - y - (-3)/18 prime?
True
Suppose -6*u + 42 = -12. Let k(r) = 43*r - 6. Is k(u) composite?
True
Let o(u) = 3169*u**2 + 4*u + 3. Let i be o(-1). Let b = 7337 - i. Is b a prime number?
False
Let i(j) = 2*j**2 + 2*j - 3. Suppose 9 = 4*g - 15. Let t = g + -2. Is i(t) a composite number?
False
Let w = 97037 - 57378. Is w composite?
False
Let d = -62 - 52. Suppose -4*q = -6*h + 2*h + 136, 3*q - 84 = -3*h. Let w = h - d. Is w a composite number?
True
Suppose 18*y - 156 = 6*y. Suppose -5277 = 10*s - y*s. Is s composite?
False
Let w = 5709 + -107. Is w prime?
False
Suppose 15*u - 494134 = 1071011. Is u prime?
False
Let u = 94 - 90. Suppose -u*c = -26 - 7682. Is c a composite number?
True
Let u = -131 - -62. Let b(l) = 12*l**3 + 4*l**2 - 4*l + 2. Let v be b(2). Let t = v + u. Is t composite?
False
Let n be 604/3*48/32. Suppose -7*w = n - 1303. Suppose -j = -w + 16. Is j composite?
False
Let x(u) = 1281*u + 221. Is x(6) a composite number?
False
Suppose -10*a + 7*a + 12 = 0. Suppose 4 + 0 = -2*p - 2*j, 0 = a*j. Is p + (-2 - -32 - -3) prime?
True
Suppose -2*d + 4*v + 4636 = 1042, -5*v - 8975 = -5*d. Suppose 0*s + 11*s - d = 0. Is s a composite number?
False
Suppose 2*w + 22 + 7 = -k, 0 = k + w + 24. Let g = -21 - k. Is ((-124)/8)/(g/52) prime?
False
Let m be (-4 - (-612 + -2))*1. Suppose 76*d = 74*d + m. Is d a prime number?
False
Is 1149555/143 - (1 + 90/(-78)) a prime number?
True
Suppose 0*m + 14 = 7*m. Suppose 3*i - 3*v = -0*v + 570, m*v = -5*i + 978. Is i comp